4*q + 3*m = 7. Suppose -5*l + 6017 = -2*y, y + 4816 = q*l - 3*y. List the prime factors of l.
3, 401
Suppose 5*h - 5*z = 82160, -3*z + 1990 = 2*h - 30899. What are the prime factors of h?
3, 5479
List the prime factors of 121/(33/3) - -23001 - -1.
3, 2557
List the prime factors of ((-14408)/(-6))/(444/(-18) + 25).
2, 1801
Suppose 8694393 + 7216825 - 4177918 = 300*h. What are the prime factors of h?
3, 13037
Suppose -79088 + 100082 = -27*z + 294477. What are the prime factors of z?
7, 1447
Let y be (-96)/(-14)*(11 - 4). Suppose 2*p + 10*p + y = 0. List the prime factors of ((-1092)/p*1)/(2/2).
3, 7, 13
Suppose 13410 + 40509 = 27*h. Suppose 0 = 3*z - h + 38. What are the prime factors of z?
653
Let r be 548/(-6) + (-4)/(-3). Let m be ((-480)/r)/(-2*2/(-396)). Suppose -5*n = -n - m. What are the prime factors of n?
2, 3, 11
Let v(j) = j**2 + 2*j - 14. Let m(k) = -k**2 + 13*k + 9. Let t be m(14). Let q be v(t). What are the prime factors of -5 + 0 - (-142 - q)?
2, 3, 23
Let j(g) = 18*g - 13. Let s be j(1). Suppose 0 = -s*z + 1486 + 2884. What are the prime factors of z?
2, 19, 23
Let d(y) = 2*y**2 - 6*y + 24. Let l be 909/(-378)*-6 - (-6)/(-14). What are the prime factors of d(l)?
2, 83
Let t(w) = -w**2 - 8*w - 22. Let z be t(-12). Let u = z + 72. Suppose u*c = 6*c - 488. What are the prime factors of c?
2, 61
Suppose 7*z - 241 = 4. Suppose 4*y = z - 15. Suppose 0 = 2*v - s - 511, 789 = y*v - 4*s - 487. What are the prime factors of v?
2
Suppose 5*t = -2*s + 2700 + 9326, -s + 6010 = t. Suppose -11*f + 19*f = s. What are the prime factors of f?
751
Let b be (1/4)/(14/112). Let y(r) = -4*r**2 - b + 10*r - r - 8*r + r - r**3. List the prime factors of y(-6).
2, 29
Let u be 1/3 - (-1790)/(-15). Let c = -218 - -385. Let h = u + c. What are the prime factors of h?
2, 3
Let o(k) = -k - 17. Let d be o(-22). Let p be ((-8)/12)/(1/(-6)). Suppose -345 = -3*z + 3*w, d*z - 2*w - 575 = -p*w. List the prime factors of z.
5, 23
Suppose -180 = -2*p - 4*p. List the prime factors of 446 + (40/p - 2/6).
3, 149
Suppose -14*o + 1379 + 5089 = 0. What are the prime factors of o?
2, 3, 7, 11
Let w(a) be the second derivative of a**5/20 - 25*a**4/12 + 14*a**3/3 + 15*a**2 + 159*a. Let f = 32 + -8. What are the prime factors of w(f)?
2, 3, 7
Let o(k) be the first derivative of -1133*k**4/4 + k**3/3 - 3*k**2/2 - 3*k - 171. What are the prime factors of o(-1)?
2, 3, 7
What are the prime factors of ((-6180)/40)/(1/(-2) + 0)?
3, 103
Let s(i) be the third derivative of -7*i**4/24 - 17*i**3/6 - 16*i**2. Let r(y) = 7*y + 16. Let u(d) = 4*r(d) + 3*s(d). List the prime factors of u(14).
3, 37
Suppose -2*c - 23 + 29 = 0, -5*f + 4*c + 63 = 0. Suppose 0 = m + 5*n - 376, -728 = -2*m + 13*n - f*n. What are the prime factors of m?
19
Let g = -36 - -40. Suppose 1655 = 3*t - z, t - 543 = -0*z - g*z. What are the prime factors of t?
19, 29
Let i(r) = 4*r**3 - r**2 + 1. Let g be i(1). Suppose -2*u - 604 = -g*j, -u = -0*u. What are the prime factors of j?
151
Let c(g) be the third derivative of -29*g**4/24 - 44*g**3/3 - 93*g**2. List the prime factors of c(-22).
2, 5, 11
Let c(k) = -6*k + 111. Let u be c(18). Suppose 4*o - t - 6335 = 0, 3*t - 2*t - 4746 = -u*o. What are the prime factors of o?
1583
Let f(c) = 4*c**2 - 2. Let v(p) = 4*p**2 - p - 3. Let i(l) = 3*f(l) - 2*v(l). Let n be i(1). Suppose -n*y + 303 + 39 = 0. List the prime factors of y.
3, 19
Let w(l) = l**3 + 20*l**2 + 22*l + 24. Let x be w(-19). List the prime factors of (-7744)/x - 2/(-6).
5, 47
Suppose -4 + 4 = 10*v. Let b be (431/(-4) - 8/32) + v. Let i = 18 - b. What are the prime factors of i?
2, 3, 7
Let v = 3 + -8. List the prime factors of ((-2440)/(-50))/((-2)/v).
2, 61
Let u = -98105 + 159997. What are the prime factors of u?
2, 15473
Let q(h) = 18*h - 4. Let s(w) = 2. Let z(d) = -q(d) + 6*s(d). List the prime factors of z(-12).
2, 29
Suppose 3*c - 27440 = -2*x, 4*x = -59*c + 56*c + 27448. List the prime factors of c.
2, 3, 127
Let h(c) = 1163*c**3 + 21*c**2 - 43*c + 9. What are the prime factors of h(2)?
9311
Let d be (-8)/(-32)*((-1 - -3) + 34). Suppose 0 = -d*a + 21*a - 1632. What are the prime factors of a?
2, 17
Let n be -2*((-363)/6 + -4). Let l be 3*4*n/(-18). List the prime factors of 1 - (-4 + 2 + l).
89
Suppose h + 23922 = s, 491 = -5*h + 511. List the prime factors of s.
2, 7, 1709
Suppose 3*k - 2 - 25 = 0. Suppose -208 = -k*i - 64. Let l(o) = 5*o - 47. What are the prime factors of l(i)?
3, 11
Suppose -2*y = -2*d - 90746, -218885 = -4*y - 5*d - 37429. What are the prime factors of y?
3, 71
Let f(k) = k**2 + 8*k + 1. Suppose -p - m + 16 = -21, 151 = 3*p - 5*m. Let x = p - 53. List the prime factors of f(x).
2, 17
Let d be 16/3 - 23/69. Suppose 868 = 4*q - 2*m, -15*q + d*m + 450 = -13*q. List the prime factors of q.
5, 43
Let s be (1 - -4 - -1)/(-3 - -5). Let v be s - (-33)/(-12) - (-2)/(-8). Suppose 77 = o + 2*r, 3*o - 2*o + r - 72 = v. List the prime factors of o.
67
Let i = -5 - 2. Let h(x) = x**2. Let f(o) = -o**3 - 7*o**2 - 3*o - 6. Let g(c) = -f(c) + h(c). What are the prime factors of g(i)?
2, 17
Let g(x) = 3*x**2 - 18*x + 10. Let u be g(-10). Suppose -130*h - u = -132*h. What are the prime factors of h?
5, 7
Let i(r) = r**3 + 12*r**2 - 3*r + 5. Suppose -9*z = 107 + 1. List the prime factors of i(z).
41
Let w(m) = -136*m**3 + 90*m**2 + 512*m + 15. List the prime factors of w(-8).
29, 2459
Let p = 52 - 50. Suppose p*d = y - 3*d - 6, y - 4*d = 5. Let o = 21 - y. What are the prime factors of o?
2, 5
Let j = -25 + 51. Let g = 16 - j. Let c = g - -52. List the prime factors of c.
2, 3, 7
Suppose -496*d = -512*d + 34176. What are the prime factors of d?
2, 3, 89
Suppose -13 = -17*f - 166. What are the prime factors of (-31 - -1)*f/(108/32)?
2, 5
Let q(b) = -2*b**2 - 13*b + 49. Let m be q(-9). List the prime factors of (m - 3)/(10/4460).
2, 223
What are the prime factors of (2/2)/(23 - 28)*-54415?
10883
Let g(y) = 604*y**2 + 24*y - 89. What are the prime factors of g(6)?
21799
Let s(c) be the first derivative of -3*c**2/2 + 40*c + 11. What are the prime factors of s(-5)?
5, 11
Suppose -4*s + 34360 = 4*k, 0 = -4*s + 261*k - 256*k + 34351. What are the prime factors of s?
3, 7, 409
What are the prime factors of (56/(-21) - 1276736/(-48)) + (-4)/(-1)?
2, 5, 7, 19
Let l be (-2)/12 + (-1)/(-78)*13. Suppose 0 = 15*f - l*f - 12270. What are the prime factors of f?
2, 409
Let s(q) = 151*q + 2. Let w(j) = 2*j - 2. Let z(a) = -s(a) - 6*w(a). List the prime factors of z(-3).
499
Let y(z) = z**2 + 3*z - 6. Let r be y(-7). Let j be (-4)/r + ((-10)/(-55) - -4). What are the prime factors of (-3248)/(-49) + j/(-14)?
2, 3, 11
Let h = -8825 + 13305. What are the prime factors of h?
2, 5, 7
List the prime factors of (-1321*6/7)/(8717/(-322) + 27).
2, 3, 1321
List the prime factors of (1780282/70 - 0) + ((-3)/5)/1.
2, 11, 17
Let p be 8 - (5 + (-1 - (-2 + 4))). List the prime factors of p/(-2) - (6 + -6 + -735).
2, 3, 61
Let n be -3*(-4*(-1)/4)/(-1). Suppose 0*c - y = -c + 161, 5*y = n*c - 479. Suppose 2*z + q - c = 0, z - 2*q = 12 + 82. List the prime factors of z.
2, 3, 7
Let k = -22198 - -46147. What are the prime factors of k?
3, 887
Let m(d) = -2507*d**3 + 6*d**2 + 9*d - 2. What are the prime factors of m(-2)?
2, 5, 17, 59
Let p(r) = -r**2 + 5*r - 3. Let c be p(4). Let v(g) = 674*g**3 - 676*g**3 + c - g**2 + 3. What are the prime factors of v(-2)?
2
Suppose -2*u + 7*u = 1400. Suppose 0 = -5*h - u - 700. Let v = -114 - h. List the prime factors of v.
2, 41
Let h(t) = 5*t**3 - 3*t**2 - 4*t - 5. Let z be h(3). Suppose 5*y - 37 = x - 4*x, -x + 9 = y. Suppose z - 1346 = -y*c. What are the prime factors of c?
251
Suppose -2*a + j - 13 = -59, -2*j = -3*a + 70. What are the prime factors of 561 - 1 - (16 - a)?
2, 283
Let k = 8751 - 2964. What are the prime factors of k?
3, 643
Let r(p) = 14119*p - 628. List the prime factors of r(1).
3, 1499
Let c = 735 + -330. Suppose -27*k = -22*k - c. Let g = k - 17. List the prime factors of g.
2
Let x(w) = -5*w**3 - 10*w**2 - 28*w + 29. What are the prime factors of x(-13)?
2, 7, 173
Suppose -5*h + 385 = 5*m, 9*h = 6*h - 5*m + 223. Suppose -2*n + h = j + n, 2*j + 5*n = 157. List the prime factors of j.
2, 3, 11
Suppose 0 = 3*g + 4*k + 1906, 5*k - 1 = 24. Let c = -156 - g. List the prime fact